 is the highest common divisor of 123 and 6683?
41
What is the highest common factor of 2702 and 579?
193
What is the greatest common factor of 63 and 1305?
9
Calculate the highest common factor of 712 and 128.
8
Calculate the highest common divisor of 3 and 3.
3
Calculate the highest common divisor of 3842 and 102.
34
Calculate the highest common factor of 198 and 162.
18
What is the highest common factor of 5556 and 12?
12
Calculate the highest common divisor of 3120 and 975.
195
What is the highest common divisor of 28 and 49?
7
Calculate the greatest common factor of 61 and 488.
61
What is the greatest common factor of 544 and 17?
17
Calculate the highest common divisor of 93436 and 28.
28
Calculate the highest common factor of 11 and 2816.
11
Calculate the greatest common divisor of 2150 and 4042.
86
Calculate the greatest common factor of 287 and 1312.
41
What is the greatest common factor of 6 and 10338?
6
Calculate the highest common factor of 110 and 1390.
10
Calculate the greatest common divisor of 15 and 25.
5
Calculate the highest common divisor of 592 and 4514.
74
What is the highest common factor of 156 and 2262?
78
Calculate the greatest common factor of 42 and 798.
42
What is the greatest common factor of 334 and 835?
167
Calculate the highest common divisor of 74 and 1702.
74
Calculate the greatest common factor of 7 and 896.
7
What is the highest common factor of 12862 and 59?
59
Calculate the greatest common divisor of 18 and 802.
2
What is the greatest common divisor of 637 and 364?
91
Calculate the highest common factor of 38 and 3382.
38
Calculate the highest common divisor of 168 and 72.
24
What is the greatest common divisor of 497 and 7?
7
What is the greatest common divisor of 134 and 2278?
134
Calculate the greatest common factor of 21870 and 108.
54
Calculate the highest common divisor of 108 and 612.
36
What is the highest common factor of 1648 and 16?
16
What is the highest common factor of 144 and 900?
36
What is the highest common divisor of 648 and 567?
81
What is the highest common divisor of 173 and 7?
1
Calculate the greatest common divisor of 4232 and 8.
8
What is the highest common factor of 40 and 10880?
40
What is the greatest common factor of 1353 and 33?
33
What is the highest common divisor of 56 and 3752?
56
Calculate the highest common divisor of 39925 and 25.
25
Calculate the highest common factor of 496 and 16.
16
Calculate the highest common factor of 1854 and 412.
206
Calculate the highest common factor of 2410 and 80.
10
What is the highest common factor of 25 and 145?
5
Calculate the highest common divisor of 2988 and 28.
4
Calculate the greatest common divisor of 74 and 111.
37
Calculate the greatest common divisor of 133 and 14231.
133
What is the highest common factor of 594 and 270?
54
Calculate the greatest common factor of 1284 and 52.
4
Calculate the greatest common factor of 62 and 17174.
62
What is the highest common divisor of 5518 and 186?
62
Calculate the highest common divisor of 24 and 104.
8
What is the highest common factor of 4550 and 1274?
182
Calculate the greatest common divisor of 19251 and 1035.
207
Calculate the greatest common divisor of 34 and 46.
2
Calculate the highest common divisor of 34 and 4182.
34
What is the highest common divisor of 24 and 33?
3
Calculate the greatest common factor of 477 and 243.
9
Calculate the highest common factor of 56 and 616.
56
What is the greatest common factor of 558 and 589?
31
Calculate the greatest common divisor of 559 and 52.
13
Calculate the greatest common factor of 1730 and 90.
10
What is the greatest common factor of 1672 and 38?
38
Calculate the greatest common divisor of 7930 and 130.
130
What is the greatest common divisor of 274 and 7809?
137
Calculate the greatest common divisor of 12341 and 43.
43
Calculate the highest common factor of 208 and 13.
13
What is the greatest common divisor of 38 and 2?
2
What is the greatest common factor of 2032 and 127?
127
Calculate the greatest common divisor of 95 and 171.
19
Calculate the highest common factor of 28 and 42.
14
What is the greatest common factor of 423 and 81?
9
Calculate the highest common divisor of 173 and 13667.
173
What is the highest common divisor of 2112 and 144?
48
Calculate the greatest common factor of 11 and 110.
11
Calculate the highest common divisor of 4740 and 180.
60
Calculate the highest common divisor of 32 and 512.
32
Calculate the highest common factor of 242 and 44.
22
Calculate the greatest common factor of 140 and 210.
70
What is the greatest common factor of 204 and 1377?
51
Calculate the greatest common factor of 390 and 754.
26
What is the greatest common divisor of 142 and 4?
2
What is the highest common divisor of 84 and 24?
12
Calculate the highest common divisor of 2979 and 9.
9
Calculate the highest common factor of 24 and 264.
24
Calculate the highest common factor of 40 and 620.
20
Calculate the greatest common divisor of 3 and 199.
1
Calculate the greatest common factor of 16821 and 21.
21
Calculate the highest common divisor of 189 and 10332.
63
What is the greatest common factor of 16262 and 188?
94
What is the highest common divisor of 232 and 29?
29
What is the greatest common factor of 5640 and 1269?
141
Calculate the highest common divisor of 171 and 95.
19
Calculate the greatest common factor of 30 and 130.
10
Calculate the greatest common divisor of 58 and 174.
58
Calculate the greatest common divisor of 365 and 45.
5
Calculate the highest common factor of 35 and 7.
7
Calculate the greatest common factor of 921 and 3.
3
Calculate the highest common divisor of 63 and 9.
9
Calculate the highest common divisor of 3250 and 4000.
250
What is the highest common divisor of 495 and 3025?
55
What is the highest common factor of 38 and 8?
2
Calculate the greatest common divisor of 60 and 795.
15
What is the greatest common divisor of 42799 and 127?
127
What is the greatest common divisor of 28 and 332?
4
What is the greatest common divisor of 30 and 795?
15
What is the highest common factor of 1440 and 440?
40
Calculate the greatest common factor of 318 and 7738.
106
Calculate the greatest common divisor of 1176 and 10.
2
What is the highest common factor of 76 and 4408?
76
Calculate the highest common factor of 27 and 999.
27
What is the greatest common divisor of 85 and 10?
5
Calculate the greatest common divisor of 2646 and 196.
98
What is the highest common factor of 227 and 20203?
227
Calculate the highest common divisor of 7 and 3283.
7
Calculate the greatest common factor of 90 and 216.
18
What is the highest common factor of 2061 and 36?
9
What is the highest common factor of 128 and 80?
16
What is the highest common divisor of 1377 and 17?
17
Calculate the highest common factor of 54 and 5598.
18
Calculate the greatest common factor of 68661 and 27.
27
Calculate the greatest common divisor of 54475 and 25.
25
Calculate the highest common divisor of 314 and 7693.
157
What is the greatest common factor of 35 and 495?
5
What is the highest common factor of 812 and 28?
28
Calculate the greatest common factor of 6 and 2.
2
Calculate the greatest common factor of 17767 and 109.
109
Calculate the highest common factor of 87220 and 140.
140
Calculate the greatest common factor of 10 and 972.
2
Calculate the highest common divisor of 2 and 1848.
2
Calculate the highest common factor of 1025 and 41.
41
Calculate the highest common divisor of 26 and 12454.
26
What is the greatest common factor of 16 and 8048?
16
Calculate the highest common factor of 19573 and 23.
23
Calculate the highest common factor of 524 and 4.
4
Calculate the highest common divisor of 23415 and 70.
35
Calculate the greatest common factor of 16890 and 45.
15
Calculate the greatest common divisor of 648 and 1134.
162
What is the greatest common divisor of 216 and 135?
27
What is the greatest common divisor of 63 and 315?
63
What is the highest common divisor of 28 and 12?
4
What is the greatest common factor of 190 and 80?
10
What is the greatest common divisor of 707 and 7?
7
What is the highest common factor of 60 and 1005?
15
What is the greatest common factor of 2451 and 171?
57
What is the greatest common divisor of 756 and 8694?
378
Calculate the highest c